[INFO] cloning repository https://github.com/spacekookie/book-mode
[INFO] running `Command { std: "git" "-c" "credential.helper=" "-c" "credential.helper=/workspace/cargo-home/bin/git-credential-null" "clone" "--bare" "https://github.com/spacekookie/book-mode" "/workspace/cache/git-repos/https%3A%2F%2Fgithub.com%2Fspacekookie%2Fbook-mode", kill_on_drop: false }`
[INFO] [stderr] Cloning into bare repository '/workspace/cache/git-repos/https%3A%2F%2Fgithub.com%2Fspacekookie%2Fbook-mode'...
[INFO] running `Command { std: "git" "rev-parse" "HEAD", kill_on_drop: false }`
[INFO] [stdout] 6f34a2bdc49ff7a3cd3807c930dcab61580bd06d
[INFO] building spacekookie/book-mode against master#ff34b919075f35a1787659e9c448a34b06bab8de for issue-85264
[INFO] running `Command { std: "git" "clone" "/workspace/cache/git-repos/https%3A%2F%2Fgithub.com%2Fspacekookie%2Fbook-mode" "/workspace/builds/worker-5/source", kill_on_drop: false }`
[INFO] [stderr] Cloning into '/workspace/builds/worker-5/source'...
[INFO] [stderr] done.
[INFO] validating manifest of git repo https://github.com/spacekookie/book-mode on toolchain ff34b919075f35a1787659e9c448a34b06bab8de
[INFO] running `Command { std: "/workspace/cargo-home/bin/cargo" "+ff34b919075f35a1787659e9c448a34b06bab8de" "metadata" "--manifest-path" "Cargo.toml" "--no-deps", kill_on_drop: false }`
[INFO] started tweaking git repo https://github.com/spacekookie/book-mode
[INFO] finished tweaking git repo https://github.com/spacekookie/book-mode
[INFO] tweaked toml for git repo https://github.com/spacekookie/book-mode written to /workspace/builds/worker-5/source/Cargo.toml
[INFO] crate git repo https://github.com/spacekookie/book-mode already has a lockfile, it will not be regenerated
[INFO] running `Command { std: "/workspace/cargo-home/bin/cargo" "+ff34b919075f35a1787659e9c448a34b06bab8de" "fetch" "--manifest-path" "Cargo.toml", kill_on_drop: false }`
[INFO] running `Command { std: "docker" "create" "-v" "/var/lib/crater-agent-workspace/builds/worker-5/target:/opt/rustwide/target:rw,Z" "-v" "/var/lib/crater-agent-workspace/builds/worker-5/source:/opt/rustwide/workdir:ro,Z" "-v" "/var/lib/crater-agent-workspace/cargo-home:/opt/rustwide/cargo-home:ro,Z" "-v" "/var/lib/crater-agent-workspace/rustup-home:/opt/rustwide/rustup-home:ro,Z" "-e" "SOURCE_DIR=/opt/rustwide/workdir" "-e" "CARGO_TARGET_DIR=/opt/rustwide/target" "-e" "CARGO_HOME=/opt/rustwide/cargo-home" "-e" "RUSTUP_HOME=/opt/rustwide/rustup-home" "-w" "/opt/rustwide/workdir" "-m" "1610612736" "--user" "0:0" "--network" "none" "ghcr.io/rust-lang/crates-build-env/linux@sha256:20528e8c29e4536546f0102ce88568b16ea7538393a33fcca951030f7af10457" "/opt/rustwide/cargo-home/bin/cargo" "+ff34b919075f35a1787659e9c448a34b06bab8de" "metadata" "--no-deps" "--format-version=1", kill_on_drop: false }`
[INFO] [stderr] WARNING: Your kernel does not support swap limit capabilities or the cgroup is not mounted. Memory limited without swap.
[INFO] [stdout] 1ffc62cde9efa01e6d9a56ae5d93882e179aaa07a5c976a6a1133eb0dbdb1cee
[INFO] running `Command { std: "docker" "start" "-a" "1ffc62cde9efa01e6d9a56ae5d93882e179aaa07a5c976a6a1133eb0dbdb1cee", kill_on_drop: false }`
[INFO] running `Command { std: "docker" "inspect" "1ffc62cde9efa01e6d9a56ae5d93882e179aaa07a5c976a6a1133eb0dbdb1cee", kill_on_drop: false }`
[INFO] running `Command { std: "docker" "rm" "-f" "1ffc62cde9efa01e6d9a56ae5d93882e179aaa07a5c976a6a1133eb0dbdb1cee", kill_on_drop: false }`
[INFO] [stdout] 1ffc62cde9efa01e6d9a56ae5d93882e179aaa07a5c976a6a1133eb0dbdb1cee
[INFO] running `Command { std: "docker" "create" "-v" "/var/lib/crater-agent-workspace/builds/worker-5/target:/opt/rustwide/target:rw,Z" "-v" "/var/lib/crater-agent-workspace/builds/worker-5/source:/opt/rustwide/workdir:ro,Z" "-v" "/var/lib/crater-agent-workspace/cargo-home:/opt/rustwide/cargo-home:ro,Z" "-v" "/var/lib/crater-agent-workspace/rustup-home:/opt/rustwide/rustup-home:ro,Z" "-e" "SOURCE_DIR=/opt/rustwide/workdir" "-e" "CARGO_TARGET_DIR=/opt/rustwide/target" "-e" "CARGO_INCREMENTAL=0" "-e" "RUST_BACKTRACE=full" "-e" "RUSTFLAGS=--cap-lints=forbid" "-e" "CARGO_HOME=/opt/rustwide/cargo-home" "-e" "RUSTUP_HOME=/opt/rustwide/rustup-home" "-w" "/opt/rustwide/workdir" "-m" "1610612736" "--user" "0:0" "--network" "none" "ghcr.io/rust-lang/crates-build-env/linux@sha256:20528e8c29e4536546f0102ce88568b16ea7538393a33fcca951030f7af10457" "/opt/rustwide/cargo-home/bin/cargo" "+ff34b919075f35a1787659e9c448a34b06bab8de" "build" "--frozen" "--message-format=json", kill_on_drop: false }`
[INFO] [stdout] 94f5e1631e7f3f239f2ac2f3264e38f0f6bf09e31f6ad0ab0834c2ac9d9cc7e2
[INFO] [stderr] WARNING: Your kernel does not support swap limit capabilities or the cgroup is not mounted. Memory limited without swap.
[INFO] running `Command { std: "docker" "start" "-a" "94f5e1631e7f3f239f2ac2f3264e38f0f6bf09e31f6ad0ab0834c2ac9d9cc7e2", kill_on_drop: false }`
[INFO] [stderr]    Compiling memchr v2.2.0
[INFO] [stderr]    Compiling unicode-width v0.1.5
[INFO] [stderr]    Compiling regex v1.1.5
[INFO] [stderr]    Compiling encode_unicode v0.3.5
[INFO] [stderr]    Compiling vec_map v0.8.1
[INFO] [stderr]    Compiling regex-syntax v0.6.6
[INFO] [stderr]    Compiling atty v0.2.11
[INFO] [stderr]    Compiling dirs v1.0.5
[INFO] [stderr]    Compiling time v0.1.42
[INFO] [stderr]    Compiling textwrap v0.11.0
[INFO] [stderr]    Compiling clap v2.33.0
[INFO] [stderr]    Compiling chrono v0.4.6
[INFO] [stderr]    Compiling term v0.5.2
[INFO] [stderr]    Compiling csv-core v0.1.5
[INFO] [stderr]    Compiling aho-corasick v0.7.3
[INFO] [stderr]    Compiling csv v1.0.7
[INFO] [stderr]    Compiling prettytable-rs v0.8.0
[INFO] [stderr]    Compiling book-mode v0.1.0 (/opt/rustwide/workdir)
[INFO] [stdout] warning: unused import: `TimeRange`
[INFO] [stdout]  --> src/draw/table.rs:1:25
[INFO] [stdout]   |
[INFO] [stdout] 1 | use crate::data::{Book, TimeRange};
[INFO] [stdout]   |                         ^^^^^^^^^
[INFO] [stdout]   |
[INFO] [stdout]   = note: `#[warn(unused_imports)]` on by default
[INFO] [stdout] 
[INFO] [stdout] 
[INFO] [stdout] warning: unused imports: `Cell`, `Row`, `Table`
[INFO] [stdout]  --> src/draw/table.rs:2:19
[INFO] [stdout]   |
[INFO] [stdout] 2 | use prettytable::{Cell, Row, Table};
[INFO] [stdout]   |                   ^^^^  ^^^  ^^^^^
[INFO] [stdout] 
[INFO] [stdout] 
[INFO] [stdout] warning: unused variable: `books`
[INFO] [stdout]  --> src/draw/table.rs:8:13
[INFO] [stdout]   |
[INFO] [stdout] 8 |     fn draw(books: Vec<Book>) {}
[INFO] [stdout]   |             ^^^^^ help: if this is intentional, prefix it with an underscore: `_books`
[INFO] [stdout]   |
[INFO] [stdout]   = note: `#[warn(unused_variables)]` on by default
[INFO] [stdout] 
[INFO] [stdout] 
[INFO] [stdout] warning: struct is never constructed: `Query`
[INFO] [stdout]   --> src/data.rs:38:12
[INFO] [stdout]    |
[INFO] [stdout] 38 | pub struct Query(Data, Data);
[INFO] [stdout]    |            ^^^^^
[INFO] [stdout]    |
[INFO] [stdout]    = note: `#[warn(dead_code)]` on by default
[INFO] [stdout] 
[INFO] [stdout] 
[INFO] [stdout] warning: enum is never used: `Data`
[INFO] [stdout]   --> src/data.rs:40:10
[INFO] [stdout]    |
[INFO] [stdout] 40 | pub enum Data {
[INFO] [stdout]    |          ^^^^
[INFO] [stdout] 
[INFO] [stdout] 
[INFO] [stdout] warning: struct is never constructed: `Renderer`
[INFO] [stdout]  --> src/draw/table.rs:5:12
[INFO] [stdout]   |
[INFO] [stdout] 5 | pub struct Renderer;
[INFO] [stdout]   |            ^^^^^^^^
[INFO] [stdout] 
[INFO] [stdout] 
[INFO] [stdout] warning: associated function is never used: `draw`
[INFO] [stdout]  --> src/draw/table.rs:8:8
[INFO] [stdout]   |
[INFO] [stdout] 8 |     fn draw(books: Vec<Book>) {}
[INFO] [stdout]   |        ^^^^
[INFO] [stdout] 
[INFO] [stdout] 
[INFO] [stdout] warning: associated function is never used: `parse`
[INFO] [stdout]  --> src/parse.rs:8:12
[INFO] [stdout]   |
[INFO] [stdout] 8 |     pub fn parse<'input, I: Into<&'input str>>(input: I) -> Self {
[INFO] [stdout]   |            ^^^^^
[INFO] [stdout] 
[INFO] [stdout] 
[INFO] [stdout] warning: 8 warnings emitted
[INFO] [stdout] 
[INFO] [stdout] 
[INFO] [stderr]     Finished dev [unoptimized + debuginfo] target(s) in 14.71s
[INFO] running `Command { std: "docker" "inspect" "94f5e1631e7f3f239f2ac2f3264e38f0f6bf09e31f6ad0ab0834c2ac9d9cc7e2", kill_on_drop: false }`
[INFO] running `Command { std: "docker" "rm" "-f" "94f5e1631e7f3f239f2ac2f3264e38f0f6bf09e31f6ad0ab0834c2ac9d9cc7e2", kill_on_drop: false }`
[INFO] [stdout] 94f5e1631e7f3f239f2ac2f3264e38f0f6bf09e31f6ad0ab0834c2ac9d9cc7e2
[INFO] running `Command { std: "docker" "create" "-v" "/var/lib/crater-agent-workspace/builds/worker-5/target:/opt/rustwide/target:rw,Z" "-v" "/var/lib/crater-agent-workspace/builds/worker-5/source:/opt/rustwide/workdir:ro,Z" "-v" "/var/lib/crater-agent-workspace/cargo-home:/opt/rustwide/cargo-home:ro,Z" "-v" "/var/lib/crater-agent-workspace/rustup-home:/opt/rustwide/rustup-home:ro,Z" "-e" "SOURCE_DIR=/opt/rustwide/workdir" "-e" "CARGO_TARGET_DIR=/opt/rustwide/target" "-e" "CARGO_INCREMENTAL=0" "-e" "RUST_BACKTRACE=full" "-e" "RUSTFLAGS=--cap-lints=forbid" "-e" "CARGO_HOME=/opt/rustwide/cargo-home" "-e" "RUSTUP_HOME=/opt/rustwide/rustup-home" "-w" "/opt/rustwide/workdir" "-m" "1610612736" "--user" "0:0" "--network" "none" "ghcr.io/rust-lang/crates-build-env/linux@sha256:20528e8c29e4536546f0102ce88568b16ea7538393a33fcca951030f7af10457" "/opt/rustwide/cargo-home/bin/cargo" "+ff34b919075f35a1787659e9c448a34b06bab8de" "test" "--frozen" "--no-run" "--message-format=json", kill_on_drop: false }`
[INFO] [stdout] 47ebe8a0c5d00351d6c6f1e6caa8944b002095129ce03d5d6320e0c8cb3c9a45
[INFO] [stderr] WARNING: Your kernel does not support swap limit capabilities or the cgroup is not mounted. Memory limited without swap.
[INFO] running `Command { std: "docker" "start" "-a" "47ebe8a0c5d00351d6c6f1e6caa8944b002095129ce03d5d6320e0c8cb3c9a45", kill_on_drop: false }`
[INFO] [stderr]    Compiling book-mode v0.1.0 (/opt/rustwide/workdir)
[INFO] [stdout] error[E0425]: cannot find function `parse` in this scope
[INFO] [stdout]    --> src/parse.rs:100:18
[INFO] [stdout]     |
[INFO] [stdout] 100 |     let result = parse(s);
[INFO] [stdout]     |                  ^^^^^ not found in this scope
[INFO] [stdout]     |
[INFO] [stdout] help: consider importing this function
[INFO] [stdout]     |
[INFO] [stdout] 3   | use chrono::format::parse;
[INFO] [stdout]     |
[INFO] [stdout] 
[INFO] [stdout] 
[INFO] [stdout] warning: unused import: `TimeRange`
[INFO] [stdout]  --> src/draw/table.rs:1:25
[INFO] [stdout]   |
[INFO] [stdout] 1 | use crate::data::{Book, TimeRange};
[INFO] [stdout]   |                         ^^^^^^^^^
[INFO] [stdout]   |
[INFO] [stdout]   = note: `#[warn(unused_imports)]` on by default
[INFO] [stdout] 
[INFO] [stdout] 
[INFO] [stdout] warning: unused imports: `Cell`, `Row`, `Table`
[INFO] [stdout]  --> src/draw/table.rs:2:19
[INFO] [stdout]   |
[INFO] [stdout] 2 | use prettytable::{Cell, Row, Table};
[INFO] [stdout]   |                   ^^^^  ^^^  ^^^^^
[INFO] [stdout] 
[INFO] [stdout] 
[INFO] [stdout] error[E0308]: mismatched types
[INFO] [stdout]    --> src/parse.rs:105:20
[INFO] [stdout]     |
[INFO] [stdout] 105 |             start: 2017,
[INFO] [stdout]     |                    ^^^^ expected struct `DateTime`, found integer
[INFO] [stdout]     |
[INFO] [stdout]     = note: expected struct `DateTime<Local>`
[INFO] [stdout]                  found type `{integer}`
[INFO] [stdout] 
[INFO] [stdout] 
[INFO] [stdout] error[E0308]: mismatched types
[INFO] [stdout]    --> src/parse.rs:106:18
[INFO] [stdout]     |
[INFO] [stdout] 106 |             end: 2017,
[INFO] [stdout]     |                  ^^^^ expected struct `DateTime`, found integer
[INFO] [stdout]     |
[INFO] [stdout]     = note: expected struct `DateTime<Local>`
[INFO] [stdout]                  found type `{integer}`
[INFO] [stdout] 
[INFO] [stdout] 
[INFO] [stdout] error[E0308]: mismatched types
[INFO] [stdout]    --> src/parse.rs:116:20
[INFO] [stdout]     |
[INFO] [stdout] 116 |             start: 2017,
[INFO] [stdout]     |                    ^^^^ expected struct `DateTime`, found integer
[INFO] [stdout]     |
[INFO] [stdout]     = note: expected struct `DateTime<Local>`
[INFO] [stdout]                  found type `{integer}`
[INFO] [stdout] 
[INFO] [stdout] 
[INFO] [stdout] error[E0308]: mismatched types
[INFO] [stdout]    --> src/parse.rs:117:18
[INFO] [stdout]     |
[INFO] [stdout] 117 |             end: 2018,
[INFO] [stdout]     |                  ^^^^ expected struct `DateTime`, found integer
[INFO] [stdout]     |
[INFO] [stdout]     = note: expected struct `DateTime<Local>`
[INFO] [stdout]                  found type `{integer}`
[INFO] [stdout] 
[INFO] [stdout] 
[INFO] [stdout] error: aborting due to 5 previous errors; 2 warnings emitted
[INFO] [stdout] 
[INFO] [stdout] 
[INFO] [stdout] Some errors have detailed explanations: E0308, E0425.
[INFO] [stdout] 
[INFO] [stdout] For more information about an error, try `rustc --explain E0308`.
[INFO] [stdout] 
[INFO] [stderr] error: could not compile `book-mode`
[INFO] [stderr] 
[INFO] [stderr] To learn more, run the command again with --verbose.
[INFO] running `Command { std: "docker" "inspect" "47ebe8a0c5d00351d6c6f1e6caa8944b002095129ce03d5d6320e0c8cb3c9a45", kill_on_drop: false }`
[INFO] running `Command { std: "docker" "rm" "-f" "47ebe8a0c5d00351d6c6f1e6caa8944b002095129ce03d5d6320e0c8cb3c9a45", kill_on_drop: false }`
[INFO] [stdout] 47ebe8a0c5d00351d6c6f1e6caa8944b002095129ce03d5d6320e0c8cb3c9a45
